t o(x) = 2777*x + 803. List the prime factors of o(5).
2, 3, 17
Suppose 3*y - 24 = -4*o, -5*y = -2*o - 14 - 0. Let f(n) = n**3 + o - 2 - n + 790*n**2 - 797*n**2. List the prime factors of f(8).
3, 19
Let g(b) = b**3 + 12*b**2 - 33*b - 68. Let d be g(-14). Suppose 3*i + 635 + 530 = d*m, 3*i = 5*m - 2908. List the prime factors of m.
7, 83
Let r = -448 - -609. Let j = r - -126. What are the prime factors of j?
7, 41
Let y = 5193 - 2346. What are the prime factors of y?
3, 13, 73
Let g(x) = 17*x**2 - 60*x + 368. List the prime factors of g(20).
2, 373
Suppose -11*m + 153 = -8*m. Let r = -47 + m. Let c = r - -79. List the prime factors of c.
83
Let i = 407 - 406. What are the prime factors of 8*1788/16*i?
2, 3, 149
What are the prime factors of (-2)/((-13)/(-26)*(6/(-9602))/3)?
2, 4801
Let x(g) = 4*g**3 + 4*g**2 + 22. What are the prime factors of x(9)?
2, 7, 233
Suppose 0 = -s + 3*c + 1813, 3*s - 5*c - 4130 = 1313. Let m = s - 546. What are the prime factors of m?
2, 5, 127
Let t be (-46)/(-14) - -1*8/(-28). Suppose t + 17 = 5*s. Suppose 0 = 4*y - s*n - 308, 367 = 2*y + 3*y + 4*n. List the prime factors of y.
3, 5
Suppose -5*d + 18 = -14*o + 18*o, 2*o + 3*d = 8. Suppose o*q = 2978 + 3511. What are the prime factors of q?
3, 103
Suppose -5*a + 1026 = -84. Let m = -157 + a. Let w = 133 - m. What are the prime factors of w?
2, 17
Suppose -209*c + 1459744 = -33*c. What are the prime factors of c?
2, 11, 13, 29
Suppose -2*r = -2*u + 404, -2*u + 3*r = -246 - 157. Let g = u - -454. List the prime factors of g.
3, 73
Suppose 4*h = 2*h + 4064. Suppose 9*b = b + h. What are the prime factors of b?
2, 127
Suppose 0 = -15*g + 13*g + 118. Suppose -5*j = o - 2*o - g, 0 = -3*j - 5*o + 13. Suppose j*a - 7*a - 68 = 0. What are the prime factors of a?
17
Suppose 5*t + 3 = 5*r - 17, -5*t = -2*r + 2. Let o be (r/9*-3)/(-1). Suppose 0 = b - 4*i - 71, -3*b + o*i + 233 = -0*b. List the prime factors of b.
79
Suppose 3*k + 3 = -p, -6*p + 4*k - 9 = -3*p. Let i be 46 + 0 + p + 1 + 1. Let u = i + 96. List the prime factors of u.
3, 47
Suppose -5*r + 11 = 2*d - d, 7 = 5*r - 3*d. Let p(g) = -2*g + 2. Let t be p(-3). Suppose -4*j - j - r*b = -448, 2*b = t. List the prime factors of j.
2, 11
Let o be 45325/(-119) + 7 + (-4)/34. What are the prime factors of 2 - o - (-1 - 2 - -6)?
373
Let s be (126/(-28))/((-3)/7)*6. Let n = -53 + s. Suppose 0 = -3*h + 5*h - n. What are the prime factors of h?
5
Let n = 262 - 170. Suppose d = 139 + n. List the prime factors of d.
3, 7, 11
Let w(a) = 3*a**2 - 18*a + 4. Let x be w(6). Let v be 3/(-2)*66/(-36)*x. Suppose 15 = d - v. What are the prime factors of d?
2, 13
Let o(b) = 2*b**2 - 7*b + 9. Suppose 2*j + 4 = -2. Let f = 6 + j. List the prime factors of o(f).
2, 3
Let k(z) = -z + 1. Let w(f) = 71 + 9*f + 20 - 7*f. Let l(i) = 4*k(i) + w(i). List the prime factors of l(0).
5, 19
Let n(k) = k**3 + 13*k**2 - 35. Let b be 15/75 - ((-216)/15)/(-2). What are the prime factors of n(b)?
7, 37
Let p(i) = i**3 - 8*i**2 - 10*i + 14. Let a be p(9). Suppose 259 + 1591 = a*o. Suppose 10 = 2*u, -4*z + o = -5*u + 95. What are the prime factors of z?
3, 5
Let c = -23022 + 23972. List the prime factors of c.
2, 5, 19
Let z be 1/2 - 90/(-12). Let h = 74 - 65. Suppose -z*o + h*o = 16. List the prime factors of o.
2
Suppose 118*k = 123*k + 30. What are the prime factors of (-3078)/(-72)*(-64)/k?
2, 3, 19
List the prime factors of (9 - (-7400)/(-16))/(3 - (-440)/(-144)).
3, 907
Let w = 3138 - -1676. What are the prime factors of w?
2, 29, 83
Let z(o) = o**3 + 5*o**2 + 5*o + 2. Let y be z(-2). List the prime factors of y/(-14) + (4 - 2180/(-35)).
2, 3, 11
Let z be 9/(24/18 + (-2)/6). Let d(u) = -u**3 - 5 + z*u**2 + 4*u + 0*u - 15*u**2 - 3. List the prime factors of d(-8).
2, 11
Suppose l - 4*d - 18 = 0, -3*d = 2*l - 4*l + 16. Suppose j = l*x + 754, 3*j = 5*x - 147 + 2407. List the prime factors of j.
2, 3, 5
Let m(b) = -3*b + 1 - b - 3*b - 17. Let c be m(-3). Suppose p = -1, c*n + 5*p - 7 = 3. List the prime factors of n.
3
Suppose -408 = -q - 158. Suppose -q - 154 = -n - 3*i, 3*i + 392 = n. List the prime factors of n.
2, 199
Suppose 38*q - 39*q - 2702 = -v, 15 = -3*q. What are the prime factors of v?
3, 29, 31
Let v be -5 + 2 + 0 + -3. Let x be (2 - -3) + 12/v. Suppose -2*p - x*t + 40 = t, -p - 4*t + 16 = 0. What are the prime factors of p?
2, 3
Suppose 22 = 4*a + i, 0 = -2*a - 7*i + 4*i + 16. Suppose 8 + 2 = a*l. Suppose -2*p = -4*t + 3*p + 481, 2*t - l*p - 238 = 0. What are the prime factors of t?
2, 3, 19
Let q(c) = -c**3 + 15*c**2 + 7*c - 7. Let i be q(15). Let s = i + -39. Let o = s + -41. List the prime factors of o.
2, 3
Suppose 0 = -5*x - 35, -302*c + 5*x - 25837 = -304*c. What are the prime factors of c?
2, 3, 7, 11
Let j(a) = -218*a - 517. What are the prime factors of j(-10)?
1663
Let m be (-14)/4*(-6 - -4). Suppose -6 = m*p - 13*p. List the prime factors of p/(-2)*(-27 + 1).
13
Let j(l) = l**3 + 5*l**2 - 8*l + 3. Let v be j(4). Suppose -1575 = -5*y - v. List the prime factors of 8/(-36) - y/(-18).
2
Suppose 4*q = 3*g + 107590, -123*q + 118*q = -3*g - 134492. List the prime factors of q.
2, 13451
Let h(c) be the first derivative of 5*c**4/12 + c**3/2 - c**2 + 13*c - 17. Let n(b) be the first derivative of h(b). List the prime factors of n(5).
2, 3, 23
Let w be 4*1*(-19)/(-2). Let j = 39 - w. Let c(k) = 226*k**3 + k**2 + k - 1. What are the prime factors of c(j)?
227
Let y = -4570 - -31363. What are the prime factors of y?
3, 13, 229
Let k = 1123 + 3459. List the prime factors of k.
2, 29, 79
Let o(z) = -3633*z + 82. What are the prime factors of o(-1)?
5, 743
Let t(d) = -27*d - 176. Let x be t(-7). Suppose -x*l = 49 - 478. What are the prime factors of l?
3, 11
Suppose -34*o - 518921 - 356704 = -109*o. What are the prime factors of o?
5, 467
Let q(i) = i + 3. Let k be q(-3). Let j(u) = k*u + 4*u + 18 - 6*u. List the prime factors of j(7).
2
Suppose 85 = 6*u + 655. Let d = u + 96. List the prime factors of d/3 + (-4070)/(-30).
2, 17
Suppose 57032 = i + 2*n, -3*i - 4*n + 115640 = -55466. List the prime factors of i.
2, 3, 3169
Suppose p - 4*p = -6. Suppose p*q + 22 - 136 = 0. Suppose b - q - 110 = 0. What are the prime factors of b?
167
Let w(t) = 2*t**2 + 6*t - 1. Let j be w(-5). Suppose -j*d = -15*d - 20. Suppose -d*o = 2*y - 3*y - 701, -3*y - 693 = -5*o. List the prime factors of o.
3, 47
Let s(i) = 4*i - 35. Let p be s(10). Suppose -5*b - p - 40 = -3*w, 27 = -3*b + 2*w. What are the prime factors of (0 - (-182)/6)/((-3)/b)?
7, 13
Suppose -2*t + 28*y = 30*y - 16148, 5*t + 4*y - 40375 = 0. What are the prime factors of t?
3, 2693
Suppose 175356 = 8*s + j, 109604 = -34*s + 39*s - j. What are the prime factors of s?
2, 5, 137
Let q(f) = -66*f + 3150. What are the prime factors of q(-55)?
2, 3, 5, 113
Suppose -1262 = -34*q - 8300. Let l = 343 - q. List the prime factors of l.
2, 5, 11
Let k(j) = 248*j**2 + 139*j - 792. What are the prime factors of k(7)?
3, 4111
Suppose 0 = a + 1, -1421*o + 1419*o + 4*a = -125534. What are the prime factors of o?
5, 12553
Suppose 4*b + l - 92431 = 0, 211*b - 210*b = 3*l + 23098. List the prime factors of b.
7, 3301
Let x(w) = -8*w - 12. Let g be x(-3). Let n be g/(-12)*(-2 + -1). Let z(s) = 29*s - 3. List the prime factors of z(n).
2, 3, 7
Suppose -5 = 21*f - 26*f, -2*w - f + 53 = 0. Suppose w = 2*x - 146. List the prime factors of x.
2, 43
Suppose -35*u + 130163 = -3206947. What are the prime factors of u?
2, 3, 5297
Suppose -x = -2*x - 7. Let u(n) = 74*n - 115. Let i(o) = -25*o + 33. Let g(c) = 13*i(c) + 4*u(c). List the prime factors of g(x).
2, 43
Let p(r) = -346*r + 28. Let k(u) = -696*u + 56. Let n(f) = -6*k(f) + 13*p(f). List the prime factors of n(-2).
2, 3, 7
Let t = 50 + -47. Suppose -t*n = n - 2*s - 26, 2*n - 5*s = 33. Suppose 2*d = -o + 101, 1 = -o - n. List the prime factors of d.
53
Let t = 1097 + 1145. What are the prime factors of t?
2, 19, 59
Let j(a) = 421*a**2 - 240*a + 1177. List the prime factors of j(5).
2, 59, 89
Let a = -138 - -400. Suppose 0 = 2*c - 3*n - 14 + a, -c - 4*n - 113 = 0. Let k = c - -202. What are the prime factors of k?
3
Suppose -3*x = -q + 659, q - 667 = -x - 4*x. Suppose -c = -2*o - 237, 3*c = 3*o + 40 + q. Suppose 21 = 7*h - c. List the prime factors of h.
2, 3
Let d = -162